{"id":44,"date":"2015-01-18T22:28:52","date_gmt":"2015-01-18T20:28:52","guid":{"rendered":"http:\/\/veit-kensch.de\/?page_id=44"},"modified":"2026-02-28T13:18:39","modified_gmt":"2026-02-28T11:18:39","slug":"so-finden-sie-mich","status":"publish","type":"page","link":"http:\/\/veit-kensch.de\/?page_id=44","title":{"rendered":"So finden Sie mich"},"content":{"rendered":"<table border=\"0\" width=\"100%\">\n<tbody>\n<tr>\n<td style=\"text-align: center;\" align=\"center\" valign=\"middle\" width=\"50%\"><strong>Dr. Claudia Veit-Kensch<\/strong><br \/>\nHeilpraktikerin<a href=\"http:\/\/veit-kensch.de\/wp-content\/uploads\/2026\/02\/Veit-Kensch.jpg\"><img loading=\"lazy\" class=\" wp-image-179 aligncenter\" src=\"http:\/\/veit-kensch.de\/wp-content\/uploads\/2026\/02\/Veit-Kensch-218x300.jpg\" alt=\"\" width=\"166\" height=\"228\" srcset=\"http:\/\/veit-kensch.de\/wp-content\/uploads\/2026\/02\/Veit-Kensch-218x300.jpg 218w, http:\/\/veit-kensch.de\/wp-content\/uploads\/2026\/02\/Veit-Kensch-745x1024.jpg 745w, http:\/\/veit-kensch.de\/wp-content\/uploads\/2026\/02\/Veit-Kensch-768x1056.jpg 768w, http:\/\/veit-kensch.de\/wp-content\/uploads\/2026\/02\/Veit-Kensch-1117x1536.jpg 1117w, http:\/\/veit-kensch.de\/wp-content\/uploads\/2026\/02\/Veit-Kensch-624x858.jpg 624w, http:\/\/veit-kensch.de\/wp-content\/uploads\/2026\/02\/Veit-Kensch.jpg 1247w\" sizes=\"(max-width: 166px) 100vw, 166px\" \/><\/a>Orthop\u00e4dische Osteopathie<\/td>\n<td style=\"text-align: justify;\" rowspan=\"2\" align=\"center\" valign=\"middle\" width=\"50%\">Die Praxis befindet sich in der Hauptstra\u00dfe 1-7 in 50226 Frechen in der ersten Etage, ein Aufzug ist vorhanden.<br \/>\nParkm\u00f6glichkeiten finden Sie in der Othmarstra\u00dfe.<\/td>\n<\/tr>\n<tr>\n<td style=\"text-align: center;\" align=\"center\" valign=\"middle\">Hauptstr. 1 \u2013 7 | 50226 Frechen<br \/>\nTel.: 02234 \/ 200 18 94<\/td>\n<\/tr>\n<\/tbody>\n<\/table>\n","protected":false},"excerpt":{"rendered":"<p>Dr. Claudia Veit-Kensch HeilpraktikerinOrthop\u00e4dische Osteopathie Die Praxis befindet sich in der Hauptstra\u00dfe 1-7 in 50226 Frechen in der ersten Etage, ein Aufzug ist vorhanden. Parkm\u00f6glichkeiten finden Sie in der Othmarstra\u00dfe. Hauptstr. 1 \u2013 7 | 50226 Frechen Tel.: 02234 \/ 200 18 94<\/p>\n","protected":false},"author":1,"featured_media":0,"parent":0,"menu_order":30,"comment_status":"closed","ping_status":"closed","template":"","meta":[],"_links":{"self":[{"href":"http:\/\/veit-kensch.de\/index.php?rest_route=\/wp\/v2\/pages\/44"}],"collection":[{"href":"http:\/\/veit-kensch.de\/index.php?rest_route=\/wp\/v2\/pages"}],"about":[{"href":"http:\/\/veit-kensch.de\/index.php?rest_route=\/wp\/v2\/types\/page"}],"author":[{"embeddable":true,"href":"http:\/\/veit-kensch.de\/index.php?rest_route=\/wp\/v2\/users\/1"}],"replies":[{"embeddable":true,"href":"http:\/\/veit-kensch.de\/index.php?rest_route=%2Fwp%2Fv2%2Fcomments&post=44"}],"version-history":[{"count":21,"href":"http:\/\/veit-kensch.de\/index.php?rest_route=\/wp\/v2\/pages\/44\/revisions"}],"predecessor-version":[{"id":198,"href":"http:\/\/veit-kensch.de\/index.php?rest_route=\/wp\/v2\/pages\/44\/revisions\/198"}],"wp:attachment":[{"href":"http:\/\/veit-kensch.de\/index.php?rest_route=%2Fwp%2Fv2%2Fmedia&parent=44"}],"curies":[{"name":"wp","href":"https:\/\/api.w.org\/{rel}","templated":true}]}}